igit of ((-702275)/75 - (5 - -2))/((-1)/3)?
2
Suppose 0 = -k + 27*p - 22*p + 1218, p = -4*k + 4914. What is the hundreds digit of k?
2
Let k = -2752 - -4981. What is the hundreds digit of k?
2
Let y = -22356 + 31152. What is the units digit of y?
6
Let y = -8690 - -11076. What is the tens digit of y?
8
Suppose -1 = h - 9. Let t(l) = 3*l**3 + l**2 - 25*l - 31. Let u(i) = -2*i**3 + i**2 + 14*i + 15. Let d(f) = -3*t(f) - 5*u(f). What is the tens digit of d(h)?
5
Suppose 4*l + 2*s - 54 = 0, -3*l = -4*s - 29 + 5. Suppose 5*u - l*u = 70. What is the hundreds digit of 36/(-7)*455/u?
2
Let n(l) = 635*l**3 + 3*l**2 - 96*l + 384. What is the hundreds digit of n(4)?
6
Let g(f) = -33*f**3 + 2*f**2 - 18*f + 17. What is the thousands digit of g(-6)?
7
Let d = -18804 - -26369. What is the hundreds digit of d?
5
Let q be ((-12)/1)/(-49 + 48). Suppose -3*s = 2*y - 11 - 2, 4*y + 1 = 3*s. Suppose 4*v = q, -2*g - y*g + 5*v = -353. What is the units digit of g?
2
Suppose -11*o = 16*o - 104*o + 589512. What is the units digit of o?
6
Let s be (-2 - -4 - 4) + 5. Suppose s*k - 3 = 84. Suppose 0 = 3*p - k - 91. What is the units digit of p?
0
Let l = 72 - 70. Suppose 21465 = 29*h - l*h. What is the units digit of h?
5
Suppose 33 + 22 = 11*d. What is the units digit of (-925867)/(-515) - (-1)/d?
8
Let x(s) = s**2 + 12*s + 75. Let g = -14 - 24. What is the thousands digit of x(g)?
1
Let v(w) be the second derivative of -3*w**5/20 + w**4/12 + w**3/6 - 7*w. Let i be v(-3). Suppose -6*j = -3*j - i. What is the tens digit of j?
2
Suppose -71*g = 71*g - 118*g - 662688. What is the hundreds digit of g?
6
Let m = 592 - 126. Let g = 188 + m. What is the hundreds digit of g?
6
Let p(z) = -428*z - 12. Let d be p(-7). Suppose 0 = 22*x - d - 4188. What is the hundreds digit of x?
3
Let l(u) = 8 + 180*u + 10 + 107*u + 14 + 27*u. What is the units digit of l(1)?
6
Let y be (-6 - (-680)/110) + 96/(-44). Let j(n) = -32*n - 9. Let o(l) = -97*l - 26. Let g(m) = -17*j(m) + 6*o(m). What is the units digit of g(y)?
3
Suppose 6*p = 9*p - 3, p + 113 = 3*i. Suppose 0 = -j - 2*j + 162. Suppose q - i - j = 0. What is the units digit of q?
2
Let j(h) be the first derivative of 3*h**3 + h**2/2 - 6*h - 9. Let d be j(4). Suppose 2*q - d = -q - 4*v, -q + 54 = 3*v. What is the units digit of q?
2
What is the hundreds digit of (-1218 - (-10 + 3))*(2 - 3)?
2
Let i(t) = t**3 - 5*t**2 - t + 6. Let w be i(4). Let v = 18 + w. Suppose 112 = v*x - 52. What is the tens digit of x?
4
Let x(i) = -458*i + 1612. What is the tens digit of x(-13)?
6
Let n(x) = -x**2 - x - 1. Let b(d) = -7*d**2 + 12*d + 50. Let v(w) = -b(w) + n(w). What is the units digit of v(-10)?
9
Let i = 13574 + -1824. What is the units digit of i?
0
Let b(j) = -j**2 + 19*j - 115. Let m(g) = g**2 - 10*g + 58. Let q(w) = 3*b(w) + 5*m(w). What is the units digit of q(12)?
7
Let q = 98 - 89. Suppose -4*p + 4*j = p - 32, -3*p - j = -q. Suppose -107 - 429 = -p*d. What is the hundreds digit of d?
1
Let v(a) be the first derivative of a**3/3 + 3*a**2/2 - 6*a + 6. Let i be v(21). Suppose i = 3*d + 3*r, -4*d - r + 2*r = -649. What is the tens digit of d?
6
Suppose -5*a + 4*m + 165 = 0, -2*m - 63 = -2*a - m. Let t = a + -10. Suppose 2*u + 17 = 4*j - t, -4*j = -4*u - 44. What is the units digit of j?
7
Suppose 0 = t - 2*t + 5*o + 15015, 5*t - 5*o = 75035. What is the ten thousands digit of t?
1
Let i(v) = 6417*v - 239. What is the hundreds digit of i(2)?
5
Let a = 58467 - 38562. What is the hundreds digit of a?
9
Let a = 43 + -29. Suppose -a = h - 3*h. What is the units digit of (-5)/(((-70)/12)/h)?
6
Let f = 7 - -5. Let o = f + 23. What is the tens digit of o?
3
Let u(b) = -b**3 - 41*b**2 + 126*b - 34. Let z be u(-44). Suppose -63*v - z = -64*v. What is the tens digit of v?
3
Suppose 13*z - 7060 = 20857 + 31467. What is the units digit of z?
8
Let b = 21 - 36. Let r be -11 - 1 - 30/b. Let s = r - -81. What is the units digit of s?
1
Suppose 95*t - 8914984 = -89*t. What is the thousands digit of t?
8
Suppose 0*p - 14*p = -13496. Suppose 5*j - 4*t = 1609, -2*j + 5*j - t - p = 0. What is the tens digit of j?
2
Let t = -29057 - -45520. What is the thousands digit of t?
6
Let r(l) = l**3 + 19*l**2 + 2*l + 2. Let z be r(-9). Let f = z + -332. What is the units digit of f?
2
Let p be 466490/35 - 28/98. Suppose 187*v - 204*v + p = 0. What is the hundreds digit of v?
7
Let x = -2444 - -12817. What is the tens digit of x?
7
Suppose -28*i + 82249 + 29555 = 0. What is the hundreds digit of i?
9
Let o(s) be the third derivative of s**5/30 - 37*s**4/24 + 33*s**3/2 - 189*s**2. What is the tens digit of o(28)?
3
Let z = 3 + -3. Suppose 2*m + z*m = -t + 643, -m + 323 = t. Let j = m + -163. What is the tens digit of j?
5
Suppose 24*b - 16*b = 3936. Suppose -262 = -2*a - 3*r, -4*a + 7*r - 5*r = -b. What is the tens digit of a?
2
Suppose 6*o + 31934 = 10*o + 5*w, 31940 = 4*o + 2*w. What is the tens digit of o?
8
Let n(x) = -x**3 + 6*x**2 - x + 10. Let t be 4 + 1*-27 - 0. Let o = t + 28. What is the units digit of n(o)?
0
Suppose 0 = 14*l - 107*l + 1043793 + 1798566. What is the tens digit of l?
6
Let h = 93 - 45. Suppose -2*b = -8*b + h. What is the units digit of ((-220)/b)/((-2)/4)?
5
Let q(c) = 51*c**3 - 77*c**2 + 10*c + 30. What is the units digit of q(7)?
0
Let y(a) = a - 1. Let q be y(4). Suppose 6*h = q*h - 5*b - 20, -b - 18 = 2*h. What is the tens digit of (-236)/h + 38/95?
2
Let t(z) = z**3 - 6*z**2 - 4*z - 7. Let d(v) be the third derivative of v**5/60 - v**4/24 + 2*v**2. Let l(s) = 3*d(s) - t(s). What is the tens digit of l(5)?
1
Suppose -i - 186 = -4*i. Let j(m) = -m + 33. Let g be j(27). Suppose 0 = 5*o - g*o + i. What is the tens digit of o?
6
Let j(g) = 10016*g**2 + 5*g - 24. What is the hundreds digit of j(-2)?
0
Suppose x = i - 0*x, -2*x = -i - 4. Suppose -575 = i*j - 2279. What is the hundreds digit of j?
4
Let j(m) = 157*m**2 - 14*m + 34. What is the units digit of j(-8)?
4
Suppose 577687 = 48*p - 623897. What is the hundreds digit of p?
0
Let r(y) = -19*y - 25. Let i(l) = -l**3 - 5*l**2 - 3*l + 9. Let t be i(-4). Suppose -5*p - t*s - 13 = -s, -3*p - 3*s - 6 = 0. What is the tens digit of r(p)?
7
Suppose 134*x - 580985 = 3*x. What is the units digit of x?
5
Let z(f) = -40*f**3 + 4*f**2 + 6*f - 8. Let p be z(-7). What is the hundreds digit of (-16)/(-20) - -3*p/90?
4
Let b(u) = -1639*u - 3362. What is the units digit of b(-15)?
3
Let z(c) = 2070*c + 57. What is the hundreds digit of z(26)?
8
What is the tens digit of 1/(12101/6050 + -2) + 3684/614?
5
Let t = -110 - -188. Suppose -4*f - 179 = -3*u, -3*u - 2*f = -151 + 2. Let j = t + u. What is the units digit of j?
1
What is the thousands digit of 1/(-22) - 151122915/(-8910)?
6
Suppose 178 = -s + 2*f, -21*f - 502 = 3*s - 19*f. What is the hundreds digit of s*23/(460/(-24))?
2
Let u(l) = -5*l + 3. Let f be u(0). Let j(a) = f*a**2 + 12*a**3 + 11*a - a - 14*a. What is the units digit of j(2)?
0
Suppose 3*a + 29068 = i, -2965 + 90253 = 3*i + 3*a. What is the thousands digit of i?
9
Let p = -86182 + 167151. What is the tens digit of p?
6
Let r(z) = z**3 + 10*z**2 - z - 8. Let f be r(-10). Let m(o) = 10 - 17*o + 0*o**2 + 4*o**f - 1 - 2*o**2. What is the units digit of m(10)?
9
Let z(v) = 6*v + 33. Let b be z(-12). What is the tens digit of 592/12 - (b/(-9) - 4)?
4
Let u(x) = 6*x + 26. Let q be u(-6). Let h be (4/10 - 6/q)*-110. Let a = 254 + h. What is the hundreds digit of a?
1
Suppose -10*r + 3*g - 21377 = -11*r, -5*r - 5*g = -106915. Suppose -50*v + r = -16*v. What is the units digit of v?
9
Let r(t) = 379*t - 33. Let h(a) = -2*a**3 - 22*a**2 - 6*a - 63. Let w be h(-11). What is the units digit of r(w)?
4
What is the tens digit of (-33 - -17209) + -9 - 1*-1?
6
Let g be (5 + -1)/(-1) + 4. Suppose 5274 = 9*f - g*f. What is the hundreds digit of f?
5
Suppose o = i - 2991, 174 - 162 = -3*o. What is the tens digit of i?
8
Suppose -3*u - 2*j - 2171 = 447, u + 858 = 3*j. What is the tens digit of (4 - -1) + u/(-5)?
7
Let t(f) be the first derivative of 271*f**3/3 - f**2 - f - 31. What is the hundreds digit of t(-1)?
2
Suppose -3*o + 683 + 1351 = 0. Suppose 3*i - o = 390. What is the hundreds digit of i?
3
Let b(k) = k**2 + 13*k + 1. Let i be b(-13). Let l = i + 4. Suppose l*u - 4*w = 249, -2*w + 4*w - 273 = -5*u.